2 + 4?
1102223021
In base 13, what is 61720 - -4?
61724
In base 10, what is 179 - 109?
70
In base 15, what is b + e9c3?
e9ce
In base 12, what is 33 - -277?
2aa
In base 15, what is 0 + 14d47e?
14d47e
In base 14, what is -379 + c5?
-294
In base 14, what is -3 - -213a8?
213a5
In base 4, what is 0 + 10222133?
10222133
In base 2, what is 101100000001010 - 1111?
101011111111011
In base 5, what is 330342 - 3?
330334
In base 3, what is 22020 + -10002?
12011
In base 7, what is 200200 + 10?
200210
In base 10, what is -2 + -34026?
-34028
In base 7, what is -53113 - -14?
-53066
In base 13, what is 1a8 - 5b?
14a
In base 11, what is -9517 + 14?
-9503
In base 3, what is -20211 + -1012102?
-1110020
In base 14, what is 7 + -5661d?
-56616
In base 13, what is -124 + -555?
-679
In base 3, what is 12 - -2110222?
2111011
In base 13, what is 3 - 28687?
-28684
In base 3, what is 1 - 221002002?
-221002001
In base 2, what is -11011111110111011 + 101?
-11011111110110110
In base 9, what is 2302737 + -5?
2302732
In base 12, what is -890761 + 4?
-890759
In base 13, what is -12535 + 0?
-12535
In base 14, what is -1282 - -1b?
-1265
In base 14, what is 3 - -4973?
4976
In base 14, what is -289dd - -5?
-289d8
In base 16, what is -2f960 + 1?
-2f95f
In base 6, what is 231 - -14332?
15003
In base 4, what is 2 + -23132111?
-23132103
In base 6, what is 24044542 - 2?
24044540
In base 9, what is -104 + 8538?
8434
In base 7, what is -4446661 - 5?
-4446666
In base 6, what is -254122 + -1?
-254123
In base 6, what is 44133000 - -4?
44133004
In base 5, what is 3 - 110341441?
-110341433
In base 10, what is 3203 + 128?
3331
In base 9, what is -177 + 1328?
1141
In base 8, what is 3 - 161522?
-161517
In base 2, what is 10 - 111001011000010?
-111001011000000
In base 15, what is 0 - 44a98?
-44a98
In base 13, what is -163499 - 5?
-1634a1
In base 12, what is 173 - -192?
345
In base 6, what is 23544 - -113?
24101
In base 13, what is 3 + 30462?
30465
In base 4, what is -3002 - 3030233?
-3033301
In base 14, what is -7900 - 1?
-7901
In base 15, what is -3463 - 3b1?
-3824
In base 4, what is 131 - -2003331?
2010122
In base 15, what is -17 - 3b76?
-3b8d
In base 5, what is 230 - 24102?
-23322
In base 3, what is 10 - 22100222021?
-22100222011
In base 3, what is 122002201012 - 10?
122002201002
In base 14, what is -82 + 225?
183
In base 13, what is -6 - -2acb?
2ac5
In base 11, what is 26665 - 16?
2664a
In base 13, what is -7a0017 - 0?
-7a0017
In base 11, what is -8491 + -39?
-851a
In base 5, what is 112 + 4424202?
4424314
In base 15, what is -17a2 + 1d?
-1784
In base 3, what is -1001122020 + -2221?
-1001202011
In base 10, what is 49490 + 4?
49494
In base 10, what is 1 + -106130?
-106129
In base 16, what is -94d5 + -5?
-94da
In base 16, what is 0 - -2d660?
2d660
In base 8, what is -1144 + -53?
-1217
In base 12, what is 240 - -35a?
59a
In base 9, what is -46 - -2546?
2500
In base 10, what is -46 - 13273?
-13319
In base 8, what is 51560 - 241?
51317
In base 8, what is -64 - -15755?
15671
In base 11, what is 656 + 2?
658
In base 9, what is 36 + 175?
222
In base 2, what is 100001010 + -1101001?
10100001
In base 10, what is 48 + 2871?
2919
In base 12, what is 238a83 - -1?
238a84
In base 8, what is 10642 + -320?
10322
In base 7, what is 3 - 520634?
-520631
In base 16, what is 3a1a - 22?
39f8
In base 14, what is -55b6 - -6?
-55b0
In base 14, what is -a + -5d36?
-5d42
In base 4, what is 10 - -1320012130?
1320012200
In base 10, what is 477581 + -3?
477578
In base 13, what is -76300 + 3?
-762ca
In base 9, what is -23607 - 141?
-23748
In base 12, what is -13 - 280a?
-2821
In base 15, what is -37a67 + -6?
-37a6d
In base 11, what is 1 - -2133a?
21340
In base 3, what is 12002120 + 21?
12002211
In base 16, what is -10b5 - -147?
-f6e
In base 13, what is 18a + 170?
32a
In base 13, what is -4648 + 1b?
-462a
In base 11, what is -39 + 52987?
52949
In base 7, what is 0 + -143553?
-143553
In base 8, what is 31 + 36067?
36120
In base 8, what is -21 - -4413?
4372
In base 15, what is -3b - 22a?
-266
In base 13, what is -750 + 2b0?
-470
In base 15, what is 15 - a9d?
-a88
In base 14, what is -2252d - -5?
-22528
In base 13, what is -4 + -1b9ac?
-1b9b3
In base 13, what is 4b8 + 1197?
1682
In base 3, what is -122101220201 + -11?
-122101220212
In base 14, what is -4 - -1bb117?
1bb113
In base 9, what is 1706 - -136?
1843
In base 12, what is -5 + -12b?
-134
In base 9, what is -54 + -6522?
-6576
In base 2, what is -10001101001 + -10010000?
-10011111001
In base 4, what is 20222011232 + 11?
20222011303
In base 7, what is 4 - 315214?
-315210
In base 8, what is 3 - -55013?
55016
In base 7, what is -1 - 516014?
-516015
In base 5, what is 401 - 122332?
-121431
In base 14, what is 38 - 208b1?
-20877
In base 10, what is -1 + 39425?
39424
In base 9, what is -1 + -38402?
-38403
In base 3, what is -10120000000102 + 12?
-10120000000020
In base 2, what is 1001101001 - 100?
1001100101
In base 5, what is 134 + 200101?
200240
In base 13, what is 73b - -1c38?
2676
In base 12, what is -3 + 88730?
88729
In base 5, what is 2133 + 102?
2240
In base 12, what is 2569 - -a?
2577
In base 6, what is -133 - -3403?
3230
In base 14, what is 4 - 3657?
-3653
In base 6, what is -2 + -30103?
-30105
In base 3, what is 2 + -2000221?
-2000212
In base 8, what is -6755 + -17?
-6774
In base 7, what is 10336 - -213?
10552
In base 14, what is 1693 + 4a?
16dd
In base 15, what is 725d + -9?
7254
In base 2, what is -10111 + -111100100010110?
-111100100101101
In base 9, what is -48 + 10221?
10162
In base 9, what is 431404 + 4?
431408
In base 12, what is 6a710 + 13?
6a723
In base 5, what is -43 - 313112?
-313210
In base 8, what is 10354 - -20?
10374
In base 5, what is -14 + 133330?
133311
In base 11, what is -88 - 465?
-542
In base 13, what is -2a8a + -14?
-2aa1
In base 15, what is -3d1 - 262?
-643
In base 15, what is -6 - 622d8?
-622de
In base 10, what is 25475 - -3?
25478
In base 9, what is -1500 - -737?
-652
In base 15, what is -15b72c + 4?
-15b728
In base 16, what is a2 + -1ec?
-14a
In base 13, what is 177 - -3?
17a
In base 3, what is -11 + -101201001211?
-101201001222
In base 9, what is -140843 - -5?
-140837
In base 12, what is 666337 - 2?
666335
In base 5, what is -4342 + -101?
-4443
In base 12, what is -223a02 - 2?
-223a04
In base 13, what is -3 + 38b2?
38ac
In base 5, what is 32220 - -23?
32243
In base 6, what is 45404354 + 4?
45404402
In base 5, what is 4320012 - -4?
4320021
In base 16, what is -189 - 4a6?
-62f
In base 12, what is -2 - -907?
905
In base 3, what is -2122 + -200212?
-210111
In base 11, what is -51a5 + a6?
-50aa
In base 7, what is 12 + 3323341?
3323353
In base 11, what is 1 + -224?
-223
In base 14, what is 295695 - -1?
295696
In base 14, what is -a - -1b9b1?
1b9a5
In base 12, what is -5736 + -123?
-5859
In base 16, what is -601 + -45?
-646
In base 9, what is 424263 - 5?
424257
In base 12, what is -66 + 269?
203
In base 12, what is -1336b - 6?
-13375
In base 9, what is 155708 + 20?
155728
In base 10, what is -3 - 22873?
-22876
In base 14, what is 31745 - -2?
31747
In base 9, what is 202367 + -1?
202366
In base 9, what is -11571 - -10?
-11561
In base 7, what is -21 - 5466?
-5520
In base 12, what is 81541 + a?
8154b
In base 11, what is -379 + -686?
-a54
In base 13, what is 1 + 1b86b1?
1b86b2
In base 13, what is 67 - -290?
327
In base 8, what is -125 + -2?
-127
In base 11, what is -49 - 9037?
-9085
In base 8, what is -245 + 604?
337
In base 13, what is 266a - 8?
2662
In base 12, what is 345 - 7?
33a
In base 12, what is 6a123 + 3?
6a126
In base 8, what is -74 - -214600?
214504
In base 7, what is -13403 - -34?
-13336
In base 11, what is 4 + -31042?
-31039
In base 3, what is 2102 + 2200?
12002
In base 14, what is 67 - 18d?
-126
In base 10, what is -2005 + -20?
-2025
In base 5, what is 1002 - 21044?
-20042
In base 11, what is 76 - 280?
-205
In base 5, what is 4 - -1434124?
1434133
In base 10, what is -6 + -143?
-149
In base 6, what is -2 - -254512?
254510
In base 4, what is -11 + -20210023?
-20210100
In base 13, what is -c + -324?
-333
In base 16, what is b - -108?
113
In base 5, what is 1231424 - 4?
1231420
In base 4, what is -102 + 1300122?
1300020
In base 3, what is 220200 + 10210?
1001110
In base 10, what is 4489 - 147?
4342
In base 5, what is -4233 + -4034?
-1332